+ (0 - 1/(-1)) + -3. Suppose -4*u = -2*d - 20115 - 9231, p*d = 2*u - 14668. Is u a composite number?
True
Let u(o) = o**2 + 16*o + 2. Let w be u(-15). Let x(b) = -b**2 - 12*b + 16. Let g be x(w). Suppose 9071 = g*r - 2*p, -p + 5 = -0*p. Is r a composite number?
True
Is -26 + 403034/4 + 1/2 prime?
True
Let w be 11/(66/12)*23. Let g = 49 - w. Is 0 - 44/(g - 5) prime?
False
Let s(q) = 9623*q - 7506. Is s(143) composite?
True
Let j be 7/(-1) + 0 + 7. Is (1 + -6 - j) + 4363 composite?
True
Suppose -1109431 = -c - 5*q, 11*c - 13*q = 14*c - 3328285. Is c prime?
True
Let h be 4/((-2)/9 + 120/135). Is h/3*(-22198)/(-4) composite?
True
Let h(x) be the second derivative of -140*x**3 + 55*x**2/2 + x - 30. Is h(-2) prime?
False
Suppose -12016*i + 12058*i = 7022022. Is i composite?
False
Let v = 354710 - 46497. Is v a composite number?
False
Suppose 10*b - h - 20528 = 8*b, -b - 3*h + 10243 = 0. Is b prime?
False
Let j be 3*(-4)/(-4)*1*7. Suppose -13059 = j*y - 25*y - 5*h, 5*y = 5*h + 16380. Is y a composite number?
False
Suppose 223 = 19*b + 52. Suppose k + 28856 = b*k. Is k a composite number?
False
Let y be -16316 + -6 + 3 + (-3 - -1). Let d = y + 24518. Is d prime?
False
Let t(g) = -28*g - 24. Let w be t(-1). Suppose 41660 = w*n + n + 3*r, 3*n - 24992 = -r. Is n a composite number?
False
Suppose 1365486 = 4*o + 2*c, 4*c + 388210 = o + 46843. Is o a composite number?
True
Suppose -13 = -4*x - 5. Let g be (((-4269)/x)/3)/((-14)/28). Suppose -6*n + g + 3935 = 0. Is n a prime number?
False
Is -1466*((-12)/(-2) - (-11 + 816/32)) composite?
True
Is (-162)/(-72) + (-16235675)/(-100) a prime number?
True
Suppose -3*m = -0*m - 693. Suppose m = u + 1051. Let k = 1301 + u. Is k a composite number?
True
Let o = -682 + 682. Let j(i) = 40*i + 6689. Is j(o) prime?
True
Let g = -59 + 61. Is (g + 8245/(-30))*-6 composite?
False
Let s(a) = 11596*a + 1. Let y be s(1). Let m = 20538 - y. Is m a composite number?
False
Suppose -314*c + 362*c = 14904048. Is c a composite number?
False
Suppose -2*h - 3*o = 274, -h + 0 = -5*o + 150. Let w = 121 + h. Is 21372/10 - w/(-95) a composite number?
False
Suppose 5*b + 31 = 76, 0 = 3*q + 5*b - 290136. Is q a prime number?
True
Suppose -2604673 = -106*y - 25*y. Is y prime?
False
Suppose 5*l = -4*i + 913216, 5*i + 15*l = 17*l + 1141487. Is i a prime number?
True
Is ((-3)/2 - -1)/((-713)/326698026) a prime number?
False
Let c(z) = -1083*z**2 + 2*z - 170*z**3 + 1087*z**2 + 26*z**3 - 1. Suppose q - 1 = -3. Is c(q) prime?
True
Let q(v) = v**2 + 94*v - 137. Let t be q(-108). Let u = -1729 - -853. Let a = t + u. Is a a prime number?
True
Let q(h) be the second derivative of 107*h**6/720 + 7*h**5/15 - 7*h**4/4 - 20*h. Let u(d) be the third derivative of q(d). Is u(9) a composite number?
False
Let j(k) = -1451*k + 68. Let g be j(-17). Suppose 2*x + 2*t = -0*x + 12380, -4*x = -t - g. Is x a prime number?
False
Let g(s) = s**2 - 2*s + 3. Let u be g(3). Suppose 0 = 3*c + u, -8*y + 4*c + 9946 = -6*y. Is y a composite number?
False
Let p be (-2)/(-6) + (-826)/21. Is -1 + 23889/4 + p/156 composite?
True
Suppose -2*v - 41274 = 2*a, -4*v + 5*a + 15328 - 97921 = 0. Let j = 49279 + v. Is j composite?
True
Let y be 17*(3 + 0 + 2)*-1. Let t = 90 + y. Suppose -2*r - 5*n = -57, -t*n + 9*n = 4*r - 128. Is r composite?
False
Let k = 41135 - 24642. Is k composite?
False
Suppose d + l = -11, -3*d + 43 = -8*d + l. Is (-138506)/(-69)*d/(-6) a composite number?
False
Suppose g = 2*g + 3*h - 2702, 3*h = -3. Suppose -20*k + g = -19*k. Is k prime?
False
Let v(p) = p**3 - 21*p**2 - 59*p + 8. Let t = 448 + -417. Is v(t) composite?
False
Let q be (176/10)/((-8)/(-140)). Is ((-9)/(-6) + q/(-8))*-71 composite?
True
Let x(k) = k**3 + 26*k**2 + 2*k + 55. Let z be 860/(-70) + -2*3/(-21). Is x(z) prime?
False
Suppose 0 = 648*u - 644*u + 1212. Suppose 3*c - 5427 = 3*q, -4*c - 4*q + 7231 = -7*q. Let f = u + c. Is f a prime number?
False
Let c = -796 + 803. Let b(k) = 90*k**2 + 25*k + 6. Is b(c) a composite number?
False
Suppose 0 = 8*h - h - 28. Suppose h*n = 2 + 2. Is 128*1 - (4/n + -3) prime?
True
Let b(s) = 704*s**2 + 139*s + 3293. Is b(-42) a composite number?
False
Let q be ((-336581)/49)/((-2)/2). Suppose -3*c + 5*c = -3*h + q, 5*c = -h + 2268. Is h a composite number?
False
Let q = 49 + -49. Suppose 3*u = l - q*u + 961, 2*u = 8. Let w = -483 - l. Is w composite?
True
Suppose 0 = -1914*f + 1896*f + 761058. Is f a composite number?
False
Let t be (2 + 1)*80/120. Suppose t*m - 5*m = -4722. Is m composite?
True
Let a(q) = 24*q**2 + q + 17*q**2 - 42*q**2 + 117 + 0*q. Let j be a(0). Suppose b = 1186 - j. Is b prime?
True
Let m(a) = 5 - 6 + 3 - 817*a - 4. Let b = -85 - -84. Is m(b) a prime number?
False
Suppose 4*d = -r + 1147254 + 767785, -2*d - 5*r + 957533 = 0. Is d composite?
True
Suppose -3*k + 5*k - 11744 = -5*n, 9400 = 4*n + 4*k. Let z be (-15)/(-10 - (-5 - 2)). Suppose z*b - b = n. Is b a composite number?
False
Suppose i + 3*q = 137036 - 52553, 4*i - 337868 = 4*q. Is i/4 + (-69)/(-276) prime?
False
Let b(y) = -24261*y + 8501. Is b(-66) a prime number?
False
Let x(l) = 1315*l - 923. Is x(38) composite?
True
Let o(x) = -7*x**3 + 6*x**2 + 7*x + 4. Let g be o(-5). Suppose 41*i - 39*i - g = 0. Is i a composite number?
True
Let x be 92*1 - (7 - (7 - 0)). Suppose 93*h - 2321 = x*h. Is h prime?
False
Let i be (-6*31)/(-1)*14014/231. Suppose -2*n = -14494 - i. Is n a prime number?
True
Suppose 27*k - 32*k + 1070 = 0. Let u = -108 + k. Suppose -u - 338 = -6*o. Is o composite?
True
Let n(r) = r**2 + 9*r - 636. Let p be n(21). Suppose 5*j = 2*f + 42, -3*f = -j + 2*f - 10. Is ((-1347)/p)/(5/j) composite?
False
Suppose -2*u = 5*h - 514 + 104, -5*u + 1025 = 5*h. Suppose -5*j = 5*i - 70, -5*j - 12 = -2*j. Let a = u - i. Is a a composite number?
True
Suppose 0 = -5*i - 3*w + 13348, 2 = -w + 3. Is i composite?
True
Is 14901085/65 - (-12)/(-26) composite?
False
Suppose -11 = -2*q + 5. Suppose 2*m + 2*k = 4*m + q, 5*m - 2*k + 5 = 0. Is -4 + m/(2/1278) prime?
False
Let n = 335 - 336. Is (n/2)/(30/(-216060)) a prime number?
False
Let y be (-3)/(-3*(-1)/(-2)). Suppose 11*d = 7019 - 914. Is (y - d)*(-2)/2 prime?
False
Let a(q) = 285*q - 26. Let r be a(5). Suppose r + 471 = -5*f. Is (-1 - -2)*(3 - 4) - f a prime number?
True
Suppose p + 130 = -5*j + 41, -2*p = j + 16. Let w be (4 + -8)*j/2. Let s = w + 85. Is s composite?
True
Let r(h) = -108*h**3 + 22*h**2 + 28*h + 155. Is r(-13) composite?
True
Let i be 11/(-1) + 4 + 0. Let u(v) = -3*v**3 - 12*v**2 - 7*v - 11. Let m be u(i). Let c = m + 108. Is c composite?
False
Let u = 105 - 100. Suppose -5*t = 3*h - 6*h + 73, t - u*h + 19 = 0. Let o(y) = 6*y**2 + 13*y - 35. Is o(t) prime?
False
Let y = 18 - 25. Let z(o) = -6*o**2 + 15*o**2 + 11 + 2*o**3 - 3*o**3 + 2*o - 6*o**2. Is z(y) composite?
False
Let o = -150539 - -261388. Is o a prime number?
True
Let q be 148/(6/36*-3). Is ((-282)/(-8))/((-6)/q) prime?
False
Is -1 + 8 + 24132 + (-10)/(-20)*-12 a composite number?
False
Suppose i + 1962 = 5*v, -3*v + 1188 = -0*v + 3*i. Suppose v = 4*u + 13. Suppose 2*n - u = h, -4*n + 6*n + h = 93. Is n composite?
False
Let b be ((-193242)/28 + 5)*26/(-1). Suppose -5*j - 22114 = -b. Is j prime?
False
Is -4 - (-1235325)/(156/12) a composite number?
False
Suppose -2*r - 300 = i, -162 = -5*r + 3*i - 901. Let h = r - -157. Is (-4)/8 - (28540/h)/(-5) composite?
True
Suppose i = -3*r - 15, 4*r = -5*i - 44 + 13. Is (-37705)/(-15) + 2/i prime?
False
Let m(j) = -7*j**3 + 3*j**2 - 5. Let y = 694 - 698. Is m(y) a composite number?
False
Let u = -493 - -691. Let a = -121 + u. Suppose f - 474 = a. Is f composite?
True
Suppose -131*n - 545786 = -162*n. Is n composite?
True
Suppose 4*x = 5*l + 152472, -6*l + 192 - 76442 = -2*x. Is x composite?
False
Suppose 3646330 = 133*h - 10306833. Is h a composite number?
False
Let c(q) = 745*q**3 + 91*q**2 - 523*q + 65. Is c(6) a composite number?
False
Let m be -2 - 2/(-3) - (-14)/(-21). Let h be 0 - 3 - m/2*-281. Let s = h + 1023. Is s composite?
False
Is (2182939/11)/(5 - (-1 + 5)) a composite number?
True
Let w = 7 - 3. Let z = -79 - -84. Suppose w*r - 2*u - 1967 + 101 = 0, u = z*r - 2334. Is r composite?
False
Let c be 4/22 - (-420)/110. Suppose 2*m = 0, -c*k - m - 24 = -5*m. Is 51200/12 - 2/k a composite number?
True
Let a = -213939 